{"id":54548,"date":"2025-08-14T16:43:50","date_gmt":"2025-08-14T14:43:50","guid":{"rendered":"https:\/\/textilundkunst.ch\/?post_type=dt_team&#038;p=54548"},"modified":"2026-04-23T07:54:06","modified_gmt":"2026-04-23T05:54:06","slug":"lavendldruck-workshop","status":"publish","type":"dt_team","link":"https:\/\/textilundkunst.ch\/index.php\/dt_team\/lavendldruck-workshop\/","title":{"rendered":"Einfacher Lavendeldruck Workshop"},"content":{"rendered":"\r\n<p>Workshop unter der Kursleitung Pia-Rohrer.ch<\/p>\r\n<table style=\"width: 100%; height: 378px;\" border=\"0\" cellpadding=\"5\">\r\n<tbody>\r\n<tr style=\"height: 34px;\">\r\n<td style=\"width: 32.882012%; height: 34px;\" align=\"right\" valign=\"top\"><strong>Datum:<\/strong><\/td>\r\n<td style=\"width: 65.5706%; height: 34px;\">Samstag, neues Datum wird bekannt gegeben<\/td>\r\n<\/tr>\r\n<tr style=\"height: 34px;\">\r\n<td style=\"width: 32.882012%; height: 34px;\" align=\"right\" valign=\"top\"><strong>Kurszeiten:<\/strong><\/td>\r\n<td style=\"width: 65.5706%; height: 34px;\">9.30h bis 16.30h<\/td>\r\n<\/tr>\r\n<tr style=\"height: 34px;\">\r\n<td style=\"width: 32.882012%; height: 34px;\" align=\"right\" valign=\"top\"><strong>Voraussetzung<\/strong>:<\/td>\r\n<td style=\"width: 65.5706%; height: 34px;\">keine<\/td>\r\n<\/tr>\r\n<tr style=\"height: 34px;\">\r\n<td style=\"width: 32.882012%; height: 34px;\" align=\"right\" valign=\"top\"><strong>Kosten:<\/strong><\/td>\r\n<td style=\"width: 65.5706%; height: 34px;\">180.- CHF (Material inbegriffen)<\/td>\r\n<\/tr>\r\n<tr style=\"height: 242px;\">\r\n<td style=\"width: 32.882012%; height: 242px;\" align=\"right\" valign=\"top\"><strong>Beschreibung:<\/strong><\/td>\r\n<td style=\"width: 65.5706%; height: 242px;\">\r\n<p style=\"font-weight: 400;\">In diesem Kurs lernst du, wie du in einfach Schritten mit Lavendel\u00f6l pers\u00f6nliche Fotografien und sch\u00f6ne Bilder auf den gew\u00e4hlten Stoff \u00fcbertragen kannst. Der Druck wird nicht ganz klar \u00fcbertragen, aber dadurch gibt es dem Druckbild etwas Nostalgisches. H\u00fcbsche kleine Accessoires und Geschenke werden in einem weiteren Schritt von Hand gen\u00e4ht oder mit der N\u00e4hmaschine fertig gestellt. Es kann daraus ein Lavendels\u00e4ckchen oder ein einfacher Beutel hergestellt werden. Nach dem Lavendel\u00f6ldruck kann der bedruckte Stoff auch mit einfachen Handstickstichen dekoriert werden. Lass dich \u00fcberraschen wie das geht.<\/p>\r\n<p><span style=\"word-spacing: normal;\">Der Workshop findet bei mind. 6 Anmeldungen statt. <\/span><span style=\"word-spacing: normal;\">Eine Materialliste folgt nach der Anmeldung.<\/span><\/p>\r\n<\/td>\r\n<\/tr>\r\n<\/tbody>\r\n<\/table>\r\n<p>&nbsp;<\/p>\r\n<p><span style=\"font-size: 18pt;\"><strong>Anmeldung<\/strong><\/span><\/p>\r\n\n<div class=\"wpcf7 no-js\" id=\"wpcf7-f54432-o1\" lang=\"de-DE\" dir=\"ltr\" data-wpcf7-id=\"54432\">\n<div class=\"screen-reader-response\"><p role=\"status\" aria-live=\"polite\" aria-atomic=\"true\"><\/p> <ul><\/ul><\/div>\n<form action=\"\/index.php\/wp-json\/wp\/v2\/dt_team\/54548#wpcf7-f54432-o1\" method=\"post\" class=\"wpcf7-form init\" aria-label=\"Kontaktformular\" novalidate=\"novalidate\" data-status=\"init\">\n<fieldset class=\"hidden-fields-container\"><input type=\"hidden\" name=\"_wpcf7\" value=\"54432\" \/><input type=\"hidden\" name=\"_wpcf7_version\" value=\"6.1.5\" \/><input type=\"hidden\" name=\"_wpcf7_locale\" value=\"de_DE\" \/><input type=\"hidden\" name=\"_wpcf7_unit_tag\" value=\"wpcf7-f54432-o1\" \/><input type=\"hidden\" name=\"_wpcf7_container_post\" value=\"0\" \/><input type=\"hidden\" name=\"_wpcf7_posted_data_hash\" value=\"\" \/>\n<\/fieldset>\n<p>Bitte das folgende Formular ausf\u00fcllen und absenden.\n<\/p>\n<p><label> Vorname, Name: (Pflichtfeld)<br \/>\n<span class=\"wpcf7-form-control-wrap\" data-name=\"vorname-name\"><input size=\"40\" maxlength=\"400\" class=\"wpcf7-form-control wpcf7-text wpcf7-validates-as-required\" aria-required=\"true\" aria-invalid=\"false\" value=\"\" type=\"text\" name=\"vorname-name\" \/><\/span> <\/label><br \/>\n<label> Strasse Nr.(Pflichtfeld)<br \/>\n<span class=\"wpcf7-form-control-wrap\" data-name=\"strasse\"><input size=\"40\" maxlength=\"400\" class=\"wpcf7-form-control wpcf7-text wpcf7-validates-as-required\" aria-required=\"true\" aria-invalid=\"false\" value=\"\" type=\"text\" name=\"strasse\" \/><\/span> <\/label><br \/>\n<label> Adresszusatz<br \/>\n<span class=\"wpcf7-form-control-wrap\" data-name=\"zusatz\"><input size=\"40\" maxlength=\"400\" class=\"wpcf7-form-control wpcf7-text\" aria-invalid=\"false\" value=\"\" type=\"text\" name=\"zusatz\" \/><\/span> <\/label><br \/>\n<label> PLZ, Ort: (Pflichtfeld)<br \/>\n<span class=\"wpcf7-form-control-wrap\" data-name=\"plz-ort\"><input size=\"40\" maxlength=\"400\" class=\"wpcf7-form-control wpcf7-text wpcf7-validates-as-required\" aria-required=\"true\" aria-invalid=\"false\" value=\"\" type=\"text\" name=\"plz-ort\" \/><\/span> <\/label>\n<\/p>\n<p><label> Telefon: (Pflichtfeld)<br \/>\n<span class=\"wpcf7-form-control-wrap\" data-name=\"tel001\"><input size=\"40\" maxlength=\"400\" class=\"wpcf7-form-control wpcf7-tel wpcf7-validates-as-required wpcf7-text wpcf7-validates-as-tel\" aria-required=\"true\" aria-invalid=\"false\" value=\"\" type=\"tel\" name=\"tel001\" \/><\/span><\/label><br \/>\n<label> E-Mail: (Pflichtfeld)<br \/>\n<span class=\"wpcf7-form-control-wrap\" data-name=\"email001\"><input size=\"40\" maxlength=\"400\" class=\"wpcf7-form-control wpcf7-email wpcf7-validates-as-required wpcf7-text wpcf7-validates-as-email\" aria-required=\"true\" aria-invalid=\"false\" value=\"\" type=\"email\" name=\"email001\" \/><\/span> <\/label>\n<\/p>\n<p><span class=\"wpcf7-form-control-wrap\" data-name=\"Newsletter\"><span class=\"wpcf7-form-control wpcf7-checkbox\"><span class=\"wpcf7-list-item first last\"><input type=\"checkbox\" name=\"Newsletter[]\" value=\"Ja ich melde mich f\u00fcr die Newsletter von Textil und Kunst an.\" \/><span class=\"wpcf7-list-item-label\">Ja ich melde mich f\u00fcr die Newsletter von Textil und Kunst an.<\/span><\/span><\/span><\/span>\n<\/p>\n<p><label> Bemerkung:<br \/>\n<span class=\"wpcf7-form-control-wrap\" data-name=\"bemerkung\"><textarea cols=\"40\" rows=\"10\" maxlength=\"2000\" class=\"wpcf7-form-control wpcf7-textarea\" aria-invalid=\"false\" name=\"bemerkung\"><\/textarea><\/span><\/label>\n<\/p>\n<p><input class=\"wpcf7-form-control wpcf7-submit has-spinner\" type=\"submit\" value=\"Senden\" \/>\n<\/p><div class=\"wpcf7-response-output\" aria-hidden=\"true\"><\/div>\n<\/form>\n<\/div>\n\r\n","protected":false},"excerpt":{"rendered":"<p>In diesem Kurs lernst du, wie du in einfach Schritten mit Lavendel\u00f6l pers\u00f6nliche Fotografien und sch\u00f6ne Bilder auf den gew\u00e4hlten Stoff \u00fcbertragen kannst<\/p>\n","protected":false},"featured_media":54488,"comment_status":"closed","ping_status":"closed","template":"","dt_team_category":[224],"class_list":["post-54548","dt_team","type-dt_team","status-publish","has-post-thumbnail","hentry","dt_team_category-kurse","dt_team_category-224","description-off"],"_links":{"self":[{"href":"https:\/\/textilundkunst.ch\/index.php\/wp-json\/wp\/v2\/dt_team\/54548","targetHints":{"allow":["GET"]}}],"collection":[{"href":"https:\/\/textilundkunst.ch\/index.php\/wp-json\/wp\/v2\/dt_team"}],"about":[{"href":"https:\/\/textilundkunst.ch\/index.php\/wp-json\/wp\/v2\/types\/dt_team"}],"replies":[{"embeddable":true,"href":"https:\/\/textilundkunst.ch\/index.php\/wp-json\/wp\/v2\/comments?post=54548"}],"wp:featuredmedia":[{"embeddable":true,"href":"https:\/\/textilundkunst.ch\/index.php\/wp-json\/wp\/v2\/media\/54488"}],"wp:attachment":[{"href":"https:\/\/textilundkunst.ch\/index.php\/wp-json\/wp\/v2\/media?parent=54548"}],"wp:term":[{"taxonomy":"dt_team_category","embeddable":true,"href":"https:\/\/textilundkunst.ch\/index.php\/wp-json\/wp\/v2\/dt_team_category?post=54548"}],"curies":[{"name":"wp","href":"https:\/\/api.w.org\/{rel}","templated":true}]}}

<p>Workshop unter der Kursleitung Pia-Rohrer.ch</p>
<table style="width: 100%; height: 378px;" border="0" cellpadding="5">
<tbody>
<tr style="height: 34px;">
<td style="width: 32.882012%; height: 34px;" align="right" valign="top"><strong>Datum:</strong></td>
<td style="width: 65.5706%; height: 34px;">Samstag, neues Datum wird bekannt gegeben</td>
</tr>
<tr style="height: 34px;">
<td style="width: 32.882012%; height: 34px;" align="right" valign="top"><strong>Kurszeiten:</strong></td>
<td style="width: 65.5706%; height: 34px;">9.30h bis 16.30h</td>
</tr>
<tr style="height: 34px;">
<td style="width: 32.882012%; height: 34px;" align="right" valign="top"><strong>Voraussetzung</strong>:</td>
<td style="width: 65.5706%; height: 34px;">keine</td>
</tr>
<tr style="height: 34px;">
<td style="width: 32.882012%; height: 34px;" align="right" valign="top"><strong>Kosten:</strong></td>
<td style="width: 65.5706%; height: 34px;">180.- CHF (Material inbegriffen)</td>
</tr>
<tr style="height: 242px;">
<td style="width: 32.882012%; height: 242px;" align="right" valign="top"><strong>Beschreibung:</strong></td>
<td style="width: 65.5706%; height: 242px;">
<p style="font-weight: 400;">In diesem Kurs lernst du, wie du in einfach Schritten mit Lavendelöl persönliche Fotografien und schöne Bilder auf den gewählten Stoff übertragen kannst. Der Druck wird nicht ganz klar übertragen, aber dadurch gibt es dem Druckbild etwas Nostalgisches. Hübsche kleine Accessoires und Geschenke werden in einem weiteren Schritt von Hand genäht oder mit der Nähmaschine fertig gestellt. Es kann daraus ein Lavendelsäckchen oder ein einfacher Beutel hergestellt werden. Nach dem Lavendelöldruck kann der bedruckte Stoff auch mit einfachen Handstickstichen dekoriert werden. Lass dich überraschen wie das geht.</p>
<p><span style="word-spacing: normal;">Der Workshop findet bei mind. 6 Anmeldungen statt. </span><span style="word-spacing: normal;">Eine Materialliste folgt nach der Anmeldung.</span></p>
</td>
</tr>
</tbody>
</table>
<p>&nbsp;</p>
<p><span style="font-size: 18pt;"><strong>Anmeldung</strong></span></p>

<div class="wpcf7 no-js" id="wpcf7-f54432-o1" lang="de-DE" dir="ltr" data-wpcf7-id="54432">
<div class="screen-reader-response"><p role="status" aria-live="polite" aria-atomic="true"></p> <ul></ul></div>
<form action="/index.php/wp-json/wp/v2/dt_team/54548#wpcf7-f54432-o1" method="post" class="wpcf7-form init" aria-label="Kontaktformular" novalidate="novalidate" data-status="init">
<fieldset class="hidden-fields-container"><input type="hidden" name="_wpcf7" value="54432" /><input type="hidden" name="_wpcf7_version" value="6.1.5" /><input type="hidden" name="_wpcf7_locale" value="de_DE" /><input type="hidden" name="_wpcf7_unit_tag" value="wpcf7-f54432-o1" /><input type="hidden" name="_wpcf7_container_post" value="0" /><input type="hidden" name="_wpcf7_posted_data_hash" value="" />
</fieldset>
<p>Bitte das folgende Formular ausfüllen und absenden.
</p>
<p><label> Vorname, Name: (Pflichtfeld)<br />
<span class="wpcf7-form-control-wrap" data-name="vorname-name"><input size="40" maxlength="400" class="wpcf7-form-control wpcf7-text wpcf7-validates-as-required" aria-required="true" aria-invalid="false" value="" type="text" name="vorname-name" /></span> </label><br />
<label> Strasse Nr.(Pflichtfeld)<br />
<span class="wpcf7-form-control-wrap" data-name="strasse"><input size="40" maxlength="400" class="wpcf7-form-control wpcf7-text wpcf7-validates-as-required" aria-required="true" aria-invalid="false" value="" type="text" name="strasse" /></span> </label><br />
<label> Adresszusatz<br />
<span class="wpcf7-form-control-wrap" data-name="zusatz"><input size="40" maxlength="400" class="wpcf7-form-control wpcf7-text" aria-invalid="false" value="" type="text" name="zusatz" /></span> </label><br />
<label> PLZ, Ort: (Pflichtfeld)<br />
<span class="wpcf7-form-control-wrap" data-name="plz-ort"><input size="40" maxlength="400" class="wpcf7-form-control wpcf7-text wpcf7-validates-as-required" aria-required="true" aria-invalid="false" value="" type="text" name="plz-ort" /></span> </label>
</p>
<p><label> Telefon: (Pflichtfeld)<br />
<span class="wpcf7-form-control-wrap" data-name="tel001"><input size="40" maxlength="400" class="wpcf7-form-control wpcf7-tel wpcf7-validates-as-required wpcf7-text wpcf7-validates-as-tel" aria-required="true" aria-invalid="false" value="" type="tel" name="tel001" /></span></label><br />
<label> E-Mail: (Pflichtfeld)<br />
<span class="wpcf7-form-control-wrap" data-name="email001"><input size="40" maxlength="400" class="wpcf7-form-control wpcf7-email wpcf7-validates-as-required wpcf7-text wpcf7-validates-as-email" aria-required="true" aria-invalid="false" value="" type="email" name="email001" /></span> </label>
</p>
<p><span class="wpcf7-form-control-wrap" data-name="Newsletter"><span class="wpcf7-form-control wpcf7-checkbox"><span class="wpcf7-list-item first last"><input type="checkbox" name="Newsletter[]" value="Ja ich melde mich für die Newsletter von Textil und Kunst an." /><span class="wpcf7-list-item-label">Ja ich melde mich für die Newsletter von Textil und Kunst an.</span></span></span></span>
</p>
<p><label> Bemerkung:<br />
<span class="wpcf7-form-control-wrap" data-name="bemerkung"><textarea cols="40" rows="10" maxlength="2000" class="wpcf7-form-control wpcf7-textarea" aria-invalid="false" name="bemerkung"></textarea></span></label>
</p>
<p><input class="wpcf7-form-control wpcf7-submit has-spinner" type="submit" value="Senden" />
</p><div class="wpcf7-response-output" aria-hidden="true"></div>
</form>
</div>

<p>In diesem Kurs lernst du, wie du in einfach Schritten mit Lavendelöl persönliche Fotografien und schöne Bilder auf den gewählten Stoff übertragen kannst</p>
